its digit of q?
4
Suppose 0 = -26*a + 13964 + 41546. What is the thousands digit of a?
2
Suppose -12 = 5*q - 7*q. Let o be (q/(-5))/(12/(-1530)). Suppose -3*c - 3*n + o = 0, 5*c - 5*n = 198 + 97. What is the tens digit of c?
5
Suppose 12*t - 7533 = 3*t. Suppose -s - 3*j = 2*s - t, -4*s + 4*j = -1124. What is the tens digit of s?
8
Suppose 15 + 30 = 5*z. Let a = z + -7. Suppose -y - 3*o = -38, 114 - 30 = 2*y - a*o. What is the tens digit of y?
4
Suppose -150*b + 144*b = -26472. What is the tens digit of b?
1
Let c(p) = 3*p + 15. Let h be c(-12). Let b be 10696/h + 3*(-2)/9. What is the tens digit of 8/16 - b/4?
2
Let h(i) = -i**2 + 20*i + 43. Suppose -50*z + 64*z = 182. What is the units digit of h(z)?
4
Suppose 84187 = 18*u - 101069. What is the units digit of u?
2
Suppose 0 = 4*a + 5*b - 3*b - 84660, 0 = 3*b - 18. What is the hundreds digit of a?
1
Suppose -3*u = 5*f - 196408, -2*f + 45059 + 33501 = 2*u. What is the tens digit of f?
8
Suppose 0 = -3*l + 20*l - 72199. What is the units digit of l?
7
Suppose 0 = 11*b + 2*b + 65. Let v(c) = -13*c - 16. What is the tens digit of v(b)?
4
Let s = -34 + 35. Let h be (-4)/(s + -3 - -1). Suppose 2*n - 124 = -4*u, -h*n + 46 = 4*u - 210. What is the units digit of n?
6
Let q = 994 + -1672. Let t = 1012 + q. What is the hundreds digit of t?
3
Suppose 0 = 2*s - 50 + 28. Suppose -y + s = 11. Suppose 0*v + 9*v - 1881 = y. What is the units digit of v?
9
Suppose 36*i - 100211 = 3901. What is the thousands digit of i?
2
Suppose 4*u - 72222 = -o, -5*o - 155*u + 361146 = -153*u. What is the hundreds digit of o?
2
Suppose -34*s + 38*s - 1180 = 0. Let i = s - 170. What is the hundreds digit of i?
1
Suppose -38468 = -7*i + 4*i - 5498. What is the hundreds digit of i?
9
Suppose -3*a + 12 = 0, -2*w + 2*a = -17138 - 3098. What is the thousands digit of w?
0
Suppose 4*g + 321 = -639. Suppose 629 = -2*r + v - 129, -3*v - 1873 = 5*r. Let k = g - r. What is the units digit of k?
7
Let g be (-7)/((-245)/50)*1*-7. What is the tens digit of (0 - 526/g)/((-7)/(-35))?
6
Let f = 16007 + -13045. What is the hundreds digit of f?
9
Let w(a) = a**3 - 5*a**2 + 4*a - 17. Let i be w(5). Suppose 5*m + i*o = 102, -26 = -2*m - o + 15. What is the tens digit of m?
2
Let b(f) = 5*f**2 - 14*f + 9. Let g = -243 + 371. Let l = g + -121. What is the hundreds digit of b(l)?
1
Suppose 72 = 9*p - 17*p. What is the hundreds digit of ((-142)/(-1) + 1)*(11 + p)?
2
Suppose 3*p - 9 = 2*b, 48 - 28 = p + 5*b. Let s be (-2)/(2 - 0) - -1606. What is the units digit of (2/6)/(p/s)?
7
Suppose 0*a = 5*u - 4*a - 26, 0 = 4*u + 4*a + 8. Let g(c) = 0*c + 0 + c + 4 + u. What is the units digit of g(-4)?
2
Let a = -23353 - -30717. What is the hundreds digit of a?
3
Suppose -5222 = 2956*z - 2957*z. What is the tens digit of z?
2
Suppose 0 = -2*u + 4*m + 234, -2*m = 3*u - 216 - 127. Suppose u*i = 101*i + 19880. What is the tens digit of i?
2
Let v(u) = u**2 - u - 1. Let r be v(1). Let t(b) = 3*b**2 - b. Let n be t(r). What is the units digit of (-2 - -14)/n + 37?
0
Suppose -s = -8*s - 21. Let i be -20*(1 + 3 + s). What is the tens digit of (-2032)/i + 2/5?
0
Suppose -196 - 272 = -18*o. What is the units digit of ((-2041)/o)/((-1)/4)?
4
Let g(u) = -u**2 - 6*u - 6. Let j be g(-4). Suppose 0*r - 130 = -4*f - 2*r, -5*f = j*r - 162. Let w = 13 + f. What is the units digit of w?
5
Suppose 2*f = 4 - 48. Let r = f - -24. Suppose r*u - 3*u = -31. What is the units digit of u?
1
Suppose n - 5*g - 15 = 0, 11 = 4*n + 2*g - 71. Suppose 0 = -5*i - n, 5*v - 23 = 5*i + 32. What is the units digit of v?
7
Suppose 41*x + 49*x - 87*x = 17847. What is the units digit of x?
9
Let d(f) = -9*f**2 + 33*f - 13. Let z(n) = 23 - 29 - 4*n**2 + 4*n + 12*n. Let s(x) = -3*d(x) + 7*z(x). What is the units digit of s(12)?
9
Let t be (9 - 4 - 5)/(4 - 1). What is the hundreds digit of (t + -1)*(-25 - 400)?
4
Let t be -6*(-5)/(-15) - -2. Suppose -4*n - s = -0*n - 3621, t = -2*n + 5*s + 1827. What is the tens digit of n?
0
Suppose 7*x = -46 + 4. What is the units digit of (x - -10) + (-36)/(-2)?
2
Let u(o) = -o**2 - 5*o - 3. Let b be u(-4). What is the units digit of -1 + (390 - b - -3)?
1
Suppose -5*w = k + 25, w + 0 = k - 5. Let x(m) = 2*m**2 + 10*m + 1287. What is the tens digit of x(k)?
8
Let n be (-5 + 9 - 9) + 1464 - -2. Suppose 9*i + 5*k - n = 5*i, -3*i = -3*k - 1116. What is the tens digit of i?
6
Let o(g) = 7*g + 50. Let k be o(-6). Let m be k/((-6)/(-48) - 0). Let q = -46 + m. What is the tens digit of q?
1
Suppose -19 = -3*h - 5*j, -4*h + 6*j - j + 37 = 0. Let y be 3556/h - ((-27)/(-6))/9. Suppose 2*c = -c + y. What is the hundreds digit of c?
1
Let b(n) = 23*n - 96*n + 2 - 39 + 45*n. What is the tens digit of b(-12)?
9
Suppose 55*i + 28*i = 554541 + 892564. What is the ten thousands digit of i?
1
Let r(q) = 3*q + 2. Let t be r(1). Let k be 0 + -4 + 2 + t. Suppose 0*g + 270 = k*g. What is the units digit of g?
0
Suppose j = 3*s - 11, 13*s = 5*j + 9*s. Suppose 20*i - 24384 = j*i. What is the tens digit of i?
2
Let y = 12 + -17. Let t = -5 - -23. Let d = y + t. What is the units digit of d?
3
Let k(v) = 0*v**2 + 1 + 8*v + 5*v**2 + 3*v**2 + 0*v**3 + v**3. Let u be k(-7). Let c(x) = -x**3 - 2*x**2 - x + 19. What is the hundreds digit of c(u)?
1
Let h(b) = -16*b + 59. Let g be h(5). Suppose 2*d + 3*a = -18 - 15, 4*d - 3*a + 39 = 0. What is the units digit of 7/(g/d)*37/4?
7
Suppose 99*p = 339390 + 131949. What is the hundreds digit of p?
7
Let z(w) = 11*w**2 - 8*w. Let h(m) = -10*m**2 + 7*m. Suppose -4*j - j - 10 = 0. Let f(x) = j*z(x) - 3*h(x). What is the tens digit of f(3)?
5
Suppose 0 = -325*f + 330*f + 4*v - 18985, -5*f = -2*v - 18985. What is the hundreds digit of f?
7
Suppose 5*j - 1629 = 1391. Let b = -295 + j. What is the tens digit of b?
0
Let t = -1 + 72. Suppose 351 = 2*m - t. What is the hundreds digit of m?
2
Let o(f) = f**3 - 17*f**2 - 18*f. Let g = -24 + 42. Let r be o(g). Suppose 163 = 3*k + 2*h - h, -5*k - 5*h + 275 = r. What is the tens digit of k?
5
Let r = -24353 - -50350. What is the thousands digit of r?
5
What is the hundreds digit of 10256/14 - (0 + -1)*144/336?
7
Let k(n) = n**3 - n**2 - 7*n - 7. Let u be k(4). Suppose -u*s = -21*s + 3176. What is the tens digit of s?
9
Let j = 9099 + 4295. What is the ten thousands digit of j?
1
What is the units digit of (-1)/12 + ((-6)/7 - 23267800/(-3360))?
4
Let q = 11474 + -1957. What is the tens digit of q?
1
Let c(y) = -y**3 - 9*y**2 + 15*y - 28. Let q be c(-11). Let t = q - -188. What is the tens digit of t?
3
Let q = 3 + -25. Let i = q + 24. What is the units digit of (i - 7)*1*-13?
5
Let h be (-1)/(28/(-16)) + (-12624)/(-56). Let k = h + -150. What is the units digit of k?
6
Let m(h) = -2*h. Let w be m(10). Let y = -2 + w. Let b = 119 + y. What is the tens digit of b?
9
Let c(j) = 198*j + 174. Let l be c(4). Suppose 966 = 2*p + 7*r - 2*r, -2*p = 2*r - l. What is the units digit of p?
3
Let b be 1/4*-6*(-5 - -1). What is the units digit of (5784/18 - -6)*b/4?
1
Suppose -r + 6*r = 4*d - 395, 3*r + 220 = -d. Let n(j) = j**3 - 78*j**2 - 79*j + 172. Let x be n(79). Let t = r + x. What is the units digit of t?
7
Suppose 0 = 1520*v - 1481*v - 980421. What is the ten thousands digit of v?
2
Let m(l) = 10*l + 31. Let v be m(-4). Let y be -2 + 128 + (-8 - v). Suppose q = -3*p + 299, 3*p - y - 176 = -3*q. What is the tens digit of p?
9
What is the tens digit of ((-192)/128)/(180036/(-60008) - -3)?
0
Let b = 86 - 22. Let m = 125 - b. What is the tens digit of m?
6
Let v = 9242 - 6082. What is the units digit of v?
0
Suppose -f = -x + f + 8, -5*x + 3*f + 26 = 0. Let t be (140/(-12))/(x/(-72)). Suppose 10*g - t = 5*g. What is the units digit of g?
2
Suppose -5*y = -0*y - 2*g - 487, 0 = -2*g + 8. Let d = 209 - y. What is the hundreds digit of d?
1
Suppose 122*n - 240*n + 83*n = -725550. What is the thousands digit of n?
0
Suppose 0 = -5*u - 4*u + 162. Let f = 88 + u. Let i = f + 4. What is the units digit of i?
0
Let q be ((-40)/35 - 0)/(4/(-14)). Suppose r - 63 = -q*y - 0*r, -y + 27 = -2*r. Suppose 11*w - y*w = -756. What is the tens digit of w?
2
Suppose -2*u - 5*x + 35288 = 0, -u - 4*x + 70552 = 3*u. What is the tens digit of u?
3
What is the units digit of 403539/9 - ((-40)/12 + 5)?
6
Let i be (15/(-12) + 0)/(2/(-40)). Suppose 4*u 